{"id":2608,"date":"2023-07-27T08:22:43","date_gmt":"2023-07-27T08:22:43","guid":{"rendered":"https:\/\/rd-crnigraben.si\/?page_id=2608"},"modified":"2024-01-21T18:53:26","modified_gmt":"2024-01-21T18:53:26","slug":"2608-2","status":"publish","type":"page","link":"https:\/\/rd-crnigraben.si\/index.php\/2608-2\/","title":{"rendered":"Delovna akcija 24.7.2023"},"content":{"rendered":"\n<div class=\"wp-block-columns is-layout-flex wp-container-core-columns-is-layout-9d6595d7 wp-block-columns-is-layout-flex\">\n<div class=\"wp-block-column is-layout-flow wp-block-column-is-layout-flow\" style=\"flex-basis:33.33%\">\n<figure class=\"wp-block-image size-large\"><img loading=\"lazy\" decoding=\"async\" width=\"1000\" height=\"995\" src=\"http:\/\/rd-crnigraben.si\/wp-content\/uploads\/2021\/04\/home-shovel-icon-simple-style-vector-21614400.jpg\" alt=\"\" class=\"wp-image-927\" srcset=\"https:\/\/rd-crnigraben.si\/wp-content\/uploads\/2021\/04\/home-shovel-icon-simple-style-vector-21614400.jpg 1000w, https:\/\/rd-crnigraben.si\/wp-content\/uploads\/2021\/04\/home-shovel-icon-simple-style-vector-21614400-300x300.jpg 300w, https:\/\/rd-crnigraben.si\/wp-content\/uploads\/2021\/04\/home-shovel-icon-simple-style-vector-21614400-150x150.jpg 150w, https:\/\/rd-crnigraben.si\/wp-content\/uploads\/2021\/04\/home-shovel-icon-simple-style-vector-21614400-768x764.jpg 768w\" sizes=\"auto, (max-width: 1000px) 100vw, 1000px\" \/><\/figure>\n<\/div>\n\n\n\n<div class=\"wp-block-column is-layout-flow wp-block-column-is-layout-flow\" style=\"flex-basis:66.66%\">\n<h3 class=\"wp-block-heading has-text-align-center\"><strong>Spo\u0161tovane \u010dlanice in \u010dlani in mladinci!<\/strong><\/h3>\n\n\n\n<div style=\"height:20px\" aria-hidden=\"true\" class=\"wp-block-spacer\"><\/div>\n\n\n\n<p class=\"has-text-align-center\">Vabljeni na delovno akcijo.<\/p>\n\n\n\n<div style=\"height:20px\" aria-hidden=\"true\" class=\"wp-block-spacer\"><\/div>\n\n\n\n<p><strong>Kdaj:<\/strong>&nbsp;v ponedeljek 24.7.2023 ob 18.00<\/p>\n\n\n\n<p><strong>Kje:<\/strong>&nbsp;\u0160panov ribnik (4-ka)<\/p>\n\n\n\n<p><strong>Za\u017eeljena oprema:&nbsp;<\/strong>grablje in kopalke \ud83d\ude42<\/p>\n\n\n\n<p class=\"has-text-align-center\">Prosim, \u010de se med seboj obvestite!<\/p>\n\n\n\n<div style=\"height:20px\" aria-hidden=\"true\" class=\"wp-block-spacer\"><\/div>\n\n\n\n<p>Vodja delovne akcije je Uro\u0161 Gali\u010d, tel.: 051 223 213, kjer dobite vse informacije.<\/p>\n\n\n\n<div style=\"height:20px\" aria-hidden=\"true\" class=\"wp-block-spacer\"><\/div>\n\n\n\n<p><strong>RD \u010crni graben NE odgovarja za va\u0161o varnost in imetje!<\/strong><\/p>\n\n\n\n<p>Hvala.<\/p>\n\n\n\n<p><strong>DOBER PRIJEM!<\/strong><\/p>\n<\/div>\n<\/div>\n","protected":false},"excerpt":{"rendered":"<p>Spo\u0161tovane \u010dlanice in \u010dlani in mladinci! Vabljeni na delovno akcijo. Kdaj:&nbsp;v ponedeljek 24.7.2023 ob 18.00 Kje:&nbsp;\u0160panov ribnik (4-ka) Za\u017eeljena oprema:&nbsp;grablje in kopalke \ud83d\ude42 Prosim, \u010de se med seboj obvestite! Vodja delovne akcije je Uro\u0161 Gali\u010d, tel.: 051 223 213, kjer dobite vse informacije. RD \u010crni graben NE odgovarja za va\u0161o varnost in imetje! Hvala. DOBER&hellip; <br \/> <a class=\"read-more\" href=\"https:\/\/rd-crnigraben.si\/index.php\/2608-2\/\">Read more<\/a><\/p>\n","protected":false},"author":1,"featured_media":0,"parent":0,"menu_order":0,"comment_status":"closed","ping_status":"closed","template":"","meta":{"footnotes":""},"class_list":["post-2608","page","type-page","status-publish","hentry"],"aioseo_notices":[],"_links":{"self":[{"href":"https:\/\/rd-crnigraben.si\/index.php\/wp-json\/wp\/v2\/pages\/2608","targetHints":{"allow":["GET"]}}],"collection":[{"href":"https:\/\/rd-crnigraben.si\/index.php\/wp-json\/wp\/v2\/pages"}],"about":[{"href":"https:\/\/rd-crnigraben.si\/index.php\/wp-json\/wp\/v2\/types\/page"}],"author":[{"embeddable":true,"href":"https:\/\/rd-crnigraben.si\/index.php\/wp-json\/wp\/v2\/users\/1"}],"replies":[{"embeddable":true,"href":"https:\/\/rd-crnigraben.si\/index.php\/wp-json\/wp\/v2\/comments?post=2608"}],"version-history":[{"count":2,"href":"https:\/\/rd-crnigraben.si\/index.php\/wp-json\/wp\/v2\/pages\/2608\/revisions"}],"predecessor-version":[{"id":2744,"href":"https:\/\/rd-crnigraben.si\/index.php\/wp-json\/wp\/v2\/pages\/2608\/revisions\/2744"}],"wp:attachment":[{"href":"https:\/\/rd-crnigraben.si\/index.php\/wp-json\/wp\/v2\/media?parent=2608"}],"curies":[{"name":"wp","href":"https:\/\/api.w.org\/{rel}","templated":true}]}}

<div class="wp-block-columns is-layout-flex wp-container-core-columns-is-layout-9d6595d7 wp-block-columns-is-layout-flex">
<div class="wp-block-column is-layout-flow wp-block-column-is-layout-flow" style="flex-basis:33.33%">
<figure class="wp-block-image size-large"><img loading="lazy" decoding="async" width="1000" height="995" src="http://rd-crnigraben.si/wp-content/uploads/2021/04/home-shovel-icon-simple-style-vector-21614400.jpg" alt="" class="wp-image-927" srcset="https://rd-crnigraben.si/wp-content/uploads/2021/04/home-shovel-icon-simple-style-vector-21614400.jpg 1000w, https://rd-crnigraben.si/wp-content/uploads/2021/04/home-shovel-icon-simple-style-vector-21614400-300x300.jpg 300w, https://rd-crnigraben.si/wp-content/uploads/2021/04/home-shovel-icon-simple-style-vector-21614400-150x150.jpg 150w, https://rd-crnigraben.si/wp-content/uploads/2021/04/home-shovel-icon-simple-style-vector-21614400-768x764.jpg 768w" sizes="auto, (max-width: 1000px) 100vw, 1000px" /></figure>
</div>



<div class="wp-block-column is-layout-flow wp-block-column-is-layout-flow" style="flex-basis:66.66%">
<h3 class="wp-block-heading has-text-align-center"><strong>Spoštovane članice in člani in mladinci!</strong></h3>



<div style="height:20px" aria-hidden="true" class="wp-block-spacer"></div>



<p class="has-text-align-center">Vabljeni na delovno akcijo.</p>



<div style="height:20px" aria-hidden="true" class="wp-block-spacer"></div>



<p><strong>Kdaj:</strong>&nbsp;v ponedeljek 24.7.2023 ob 18.00</p>



<p><strong>Kje:</strong>&nbsp;Španov ribnik (4-ka)</p>



<p><strong>Zaželjena oprema:&nbsp;</strong>grablje in kopalke 🙂</p>



<p class="has-text-align-center">Prosim, če se med seboj obvestite!</p>



<div style="height:20px" aria-hidden="true" class="wp-block-spacer"></div>



<p>Vodja delovne akcije je Uroš Galič, tel.: 051 223 213, kjer dobite vse informacije.</p>



<div style="height:20px" aria-hidden="true" class="wp-block-spacer"></div>



<p><strong>RD Črni graben NE odgovarja za vašo varnost in imetje!</strong></p>



<p>Hvala.</p>



<p><strong>DOBER PRIJEM!</strong></p>
</div>
</div>

<p>Spoštovane članice in člani in mladinci! Vabljeni na delovno akcijo. Kdaj:&nbsp;v ponedeljek 24.7.2023 ob 18.00 Kje:&nbsp;Španov ribnik (4-ka) Zaželjena oprema:&nbsp;grablje in kopalke 🙂 Prosim, če se med seboj obvestite! Vodja delovne akcije je Uroš Galič, tel.: 051 223 213, kjer dobite vse informacije. RD Črni graben NE odgovarja za vašo varnost in imetje! Hvala. DOBER&hellip; <br /> <a class="read-more" href="https://rd-crnigraben.si/index.php/2608-2/">Read more</a></p>
