{"id":395,"date":"2020-05-17T20:57:01","date_gmt":"2020-05-17T20:57:01","guid":{"rendered":"http:\/\/test.rd-crnigraben.si\/?page_id=395"},"modified":"2022-04-01T07:39:38","modified_gmt":"2022-04-01T07:39:38","slug":"prevoje-4-spanov-bajer","status":"publish","type":"page","link":"https:\/\/rd-crnigraben.si\/index.php\/revirji\/prevoje-4-spanov-bajer\/","title":{"rendered":"Prevoje 4 &#8211; \u0160panov ribnik"},"content":{"rendered":"\n<div class=\"wp-block-columns is-layout-flex wp-container-core-columns-is-layout-9d6595d7 wp-block-columns-is-layout-flex\">\n<div class=\"wp-block-column is-layout-flow wp-block-column-is-layout-flow\">\n<figure class=\"wp-block-gallery has-nested-images columns-2 is-cropped wp-block-gallery-1 is-layout-flex wp-block-gallery-is-layout-flex\">\n<figure class=\"wp-block-image size-large\"><a href=\"http:\/\/rd-crnigraben.si\/wp-content\/uploads\/2020\/05\/spanov1-1-1024x768.jpg\"><img loading=\"lazy\" decoding=\"async\" width=\"1024\" height=\"768\" data-id=\"408\" src=\"http:\/\/rd-crnigraben.si\/wp-content\/uploads\/2020\/05\/spanov1-1-1024x768.jpg\" alt=\"\" class=\"wp-image-408\" srcset=\"https:\/\/rd-crnigraben.si\/wp-content\/uploads\/2020\/05\/spanov1-1-1024x768.jpg 1024w, https:\/\/rd-crnigraben.si\/wp-content\/uploads\/2020\/05\/spanov1-1-300x225.jpg 300w, https:\/\/rd-crnigraben.si\/wp-content\/uploads\/2020\/05\/spanov1-1-768x576.jpg 768w, https:\/\/rd-crnigraben.si\/wp-content\/uploads\/2020\/05\/spanov1-1-1536x1152.jpg 1536w, https:\/\/rd-crnigraben.si\/wp-content\/uploads\/2020\/05\/spanov1-1-2048x1536.jpg 2048w, https:\/\/rd-crnigraben.si\/wp-content\/uploads\/2020\/05\/spanov1-1-1440x1080.jpg 1440w\" sizes=\"auto, (max-width: 1024px) 100vw, 1024px\" \/><\/a><\/figure>\n\n\n\n<figure class=\"wp-block-image size-large\"><a href=\"http:\/\/rd-crnigraben.si\/wp-content\/uploads\/2020\/05\/spanov2-1024x768.jpg\"><img loading=\"lazy\" decoding=\"async\" width=\"1024\" height=\"768\" data-id=\"406\" src=\"http:\/\/rd-crnigraben.si\/wp-content\/uploads\/2020\/05\/spanov2-1024x768.jpg\" alt=\"\" class=\"wp-image-406\" srcset=\"https:\/\/rd-crnigraben.si\/wp-content\/uploads\/2020\/05\/spanov2-1024x768.jpg 1024w, https:\/\/rd-crnigraben.si\/wp-content\/uploads\/2020\/05\/spanov2-300x225.jpg 300w, https:\/\/rd-crnigraben.si\/wp-content\/uploads\/2020\/05\/spanov2-768x576.jpg 768w, https:\/\/rd-crnigraben.si\/wp-content\/uploads\/2020\/05\/spanov2-1536x1152.jpg 1536w, https:\/\/rd-crnigraben.si\/wp-content\/uploads\/2020\/05\/spanov2-2048x1536.jpg 2048w, https:\/\/rd-crnigraben.si\/wp-content\/uploads\/2020\/05\/spanov2-1440x1080.jpg 1440w\" sizes=\"auto, (max-width: 1024px) 100vw, 1024px\" \/><\/a><\/figure>\n\n\n\n<figure class=\"wp-block-image size-large\"><a href=\"https:\/\/rd-crnigraben.si\/wp-content\/uploads\/2022\/04\/4-ka.png\"><img loading=\"lazy\" decoding=\"async\" width=\"782\" height=\"521\" data-id=\"2055\" src=\"http:\/\/rd-crnigraben.si\/wp-content\/uploads\/2022\/04\/4-ka.png\" alt=\"\" class=\"wp-image-2055\" srcset=\"https:\/\/rd-crnigraben.si\/wp-content\/uploads\/2022\/04\/4-ka.png 782w, https:\/\/rd-crnigraben.si\/wp-content\/uploads\/2022\/04\/4-ka-300x200.png 300w, https:\/\/rd-crnigraben.si\/wp-content\/uploads\/2022\/04\/4-ka-768x512.png 768w\" sizes=\"auto, (max-width: 782px) 100vw, 782px\" \/><\/a><\/figure>\n<\/figure>\n<\/div>\n\n\n\n<div class=\"wp-block-column is-layout-flow wp-block-column-is-layout-flow\">\n<p class=\"has-text-align-left\"><strong>Ribolovni re\u017eim:<\/strong> Ujemi in odnesi<\/p>\n\n\n\n<p class=\"has-text-align-left\"><strong>Vrste ribolova:&nbsp;<\/strong>talni ribolov, beli\u010darjenje, vija\u010denje, muharjenje<\/p>\n\n\n\n<p class=\"has-text-align-left\"><strong>Vrste rib:&nbsp;<\/strong>Krap, Klen, Linj, Ostri\u017e, \u0160\u010duka<\/p>\n\n\n\n<hr class=\"wp-block-separator\"\/>\n\n\n\n<h4 class=\"wp-block-heading\">OBVEZNA OPREMA<\/h4>\n\n\n\n<ul class=\"wp-block-list\"><li>1 ribolovni pribor<\/li><li>podmetalka<\/li><li>antiseptik<\/li><li>za\u017eeljena blazina ali banja za odpenjanje rib<\/li><\/ul>\n<\/div>\n<\/div>\n\n\n\n<p><strong>Ribolovno obmo\u010dje<\/strong>:<\/p>\n\n\n\n<p>Ribolov je dovoljen samo na neozna\u010denem delu revirja. Z rde\u010do barvo so ozna\u010dene mirne cone. Ribolov v mirni coni ni dovoljen!<\/p>\n","protected":false},"excerpt":{"rendered":"<p>Ribolovni re\u017eim: Ujemi in odnesi Vrste ribolova:&nbsp;talni ribolov, beli\u010darjenje, vija\u010denje, muharjenje Vrste rib:&nbsp;Krap, Klen, Linj, Ostri\u017e, \u0160\u010duka OBVEZNA OPREMA 1 ribolovni pribor podmetalka antiseptik za\u017eeljena blazina ali banja za odpenjanje rib Ribolovno obmo\u010dje: Ribolov je dovoljen samo na neozna\u010denem delu revirja. Z rde\u010do barvo so ozna\u010dene mirne cone. Ribolov v mirni coni ni dovoljen!<\/p>\n","protected":false},"author":1,"featured_media":0,"parent":125,"menu_order":0,"comment_status":"closed","ping_status":"closed","template":"","meta":{"footnotes":""},"class_list":["post-395","page","type-page","status-publish","hentry"],"aioseo_notices":[],"_links":{"self":[{"href":"https:\/\/rd-crnigraben.si\/index.php\/wp-json\/wp\/v2\/pages\/395","targetHints":{"allow":["GET"]}}],"collection":[{"href":"https:\/\/rd-crnigraben.si\/index.php\/wp-json\/wp\/v2\/pages"}],"about":[{"href":"https:\/\/rd-crnigraben.si\/index.php\/wp-json\/wp\/v2\/types\/page"}],"author":[{"embeddable":true,"href":"https:\/\/rd-crnigraben.si\/index.php\/wp-json\/wp\/v2\/users\/1"}],"replies":[{"embeddable":true,"href":"https:\/\/rd-crnigraben.si\/index.php\/wp-json\/wp\/v2\/comments?post=395"}],"version-history":[{"count":10,"href":"https:\/\/rd-crnigraben.si\/index.php\/wp-json\/wp\/v2\/pages\/395\/revisions"}],"predecessor-version":[{"id":2057,"href":"https:\/\/rd-crnigraben.si\/index.php\/wp-json\/wp\/v2\/pages\/395\/revisions\/2057"}],"up":[{"embeddable":true,"href":"https:\/\/rd-crnigraben.si\/index.php\/wp-json\/wp\/v2\/pages\/125"}],"wp:attachment":[{"href":"https:\/\/rd-crnigraben.si\/index.php\/wp-json\/wp\/v2\/media?parent=395"}],"curies":[{"name":"wp","href":"https:\/\/api.w.org\/{rel}","templated":true}]}}